{"id":20808,"date":"2025-06-24T09:17:00","date_gmt":"2025-06-24T07:17:00","guid":{"rendered":"https:\/\/tourisme-en-champagne.com\/jovenes-talentos-del-champan\/"},"modified":"2025-11-28T14:33:44","modified_gmt":"2025-11-28T13:33:44","slug":"jovenes-talentos-del-champan","status":"publish","type":"page","link":"https:\/\/tourisme-en-champagne.com\/es\/todo-sobre-el-champan\/jovenes-talentos-del-champan\/","title":{"rendered":"J\u00f3venes talentos del champ\u00e1n"},"content":{"rendered":"\n<section class=\"wp-block-group alignfull pattern-text-100 has-base-background-color has-background has-global-padding is-layout-constrained wp-block-group-is-layout-constrained\">\n<div class=\"wp-block-columns is-layout-flex wp-container-core-columns-is-layout-63fbf5b9 wp-block-columns-is-layout-flex\">\n<div class=\"wp-block-column is-layout-flow wp-block-column-is-layout-flow\">\n<h2 class=\"wp-block-heading\"><strong>\u00a1ENTRE TRADICI\u00d3N Y MODERNIDAD!<\/strong><\/h2>\n\n\n\n<hr class=\"wp-block-separator has-text-color has-accent-1-color has-alpha-channel-opacity has-accent-1-background-color has-background\"\/>\n\n\n\n<p class=\"patterns-underline wp-block-paragraph\">Herederos de una larga tradici\u00f3n familiar y deseosos de expresar su propia personalidad en sus vinos, a todos les mueve la misma pasi\u00f3n: el CHAMPAGNE.<\/p>\n\n\n\n<p class=\"wp-block-paragraph\">Estos viticultores quieren compartir su pasi\u00f3n contigo y te dan la bienvenida a su finca para una cata, una visita a sus bodegas o un recorrido por sus vi\u00f1edos. Han sido seleccionados por especialistas (en\u00f3logos, jefes de bodega, sumiller jefe) en un concurso.   <\/p>\n\n\n\n<p class=\"wp-block-paragraph\">Al jurado le conquist\u00f3 la calidad y la personalidad de su champ\u00e1n, la forma en que refleja sus terru\u00f1os, su historia familiar y su motivaci\u00f3n. \u00a1Porque tienen ambici\u00f3n! <\/p>\n\n\n\n<p class=\"patterns-underline wp-block-paragraph\">Todos ellos han tomado las riendas de la empresa familiar o han creado su propia marca de champ\u00e1n en los \u00faltimos a\u00f1os. Un reto que han aceptado con orgullo. <\/p>\n\n\n\n<div class=\"wp-block-buttons is-layout-flex wp-block-buttons-is-layout-flex\">\n<div class=\"wp-block-button\"><a class=\"wp-block-button__link has-base-color has-accent-1-background-color has-text-color has-background has-link-color wp-element-button\" href=\"#\">J\u00f3venes talentos del champ\u00e1n<\/a><\/div>\n<\/div>\n<\/div>\n<\/div>\n<\/section>\n\n<section style=\"background-image:url(&apos;https:\/\/tourisme-en-champagne.com\/assets\/uploads\/2025\/06\/vigne-david.jpg&apos;);background-size:cover;\" class=\"wp-block-group alignfull pattern-text-50-right-background has-base-color has-text-color has-link-color wp-elements-d57a2c68f70f840349f56a23e0ec4d23 has-global-padding is-layout-constrained wp-block-group-is-layout-constrained has-background\">\n<div class=\"wp-block-columns is-layout-flex wp-container-core-columns-is-layout-fdcf44e1 wp-block-columns-is-layout-flex\">\n<div class=\"wp-block-column is-layout-flow wp-block-column-is-layout-flow\"><\/div>\n\n\n\n<div class=\"wp-block-column is-layout-flow wp-block-column-is-layout-flow\">\n<h2 class=\"wp-block-heading\"><strong><strong>LOS GANADORES DE 2024<\/strong><\/strong><\/h2>\n\n\n\n<hr class=\"wp-block-separator has-text-color has-accent-3-color has-alpha-channel-opacity has-accent-3-background-color has-background\"\/>\n\n\n\n<p class=\"wp-block-paragraph\"><strong>ACCORD CHAMPAGNE\/POISSON<\/strong><br\/>Marie Marjorie Laurent Domaine des Arondes, Avenay-Val-d&#8217;Or<\/p>\n\n\n\n<p class=\"wp-block-paragraph\"><strong>ACCORD CHAMPAGNE\/VIANDE<\/strong><br\/>C\u00e9cile Boutillier, Champagne Boutillier Poissinet, Binson-Orquigny<\/p>\n\n\n\n<p class=\"wp-block-paragraph\"><strong>ACCORD CHAMPAGNE\/FROMAGE<\/strong><br\/>Juliette Coutelas, Champagne Juliette Coutelas, Villers-sous-Ch\u00e2tillon<\/p>\n\n\n\n<p class=\"wp-block-paragraph\"><strong>PRIX DU PUBLIC<\/strong><br\/>Champagne Roland Boulard et filles \u00e0 Cormicy, cuv\u00e9e Roland Boulard<\/p>\n\n\n\n<p class=\"wp-block-paragraph\"><strong>PREMIO DEL JURADO<\/strong><br\/>Jason Chaput, Champagne Jacques Chaput, que tambi\u00e9n recibi\u00f3 la menci\u00f3n especial <strong>\u00abFavorito del Jurado<\/strong>\u00ab.<\/p>\n<\/div>\n<\/div>\n<\/section>\n\n<section class=\"wp-block-group alignfull pattern-text-100 has-base-background-color has-background has-global-padding is-layout-constrained wp-block-group-is-layout-constrained\">\n<div class=\"wp-block-columns is-layout-flex wp-container-core-columns-is-layout-63fbf5b9 wp-block-columns-is-layout-flex\">\n<div class=\"wp-block-column is-layout-flow wp-block-column-is-layout-flow\">\n<p class=\"patterns-underline wp-block-paragraph\"><em>Los candidatos de <strong>Jeunes talents du Champagne <\/strong>proponen al jurado <strong>maridajes de comida y champ\u00e1n<\/strong>.<br\/>Descubre los retratos de los 9 candidatos de la edici\u00f3n de 2024, viticultores herederos de una larga tradici\u00f3n familiar y deseosos de expresar su propia personalidad en sus vinos.<\/em><\/p>\n\n\n\n<h3 class=\"wp-block-heading has-accent-1-color has-text-color has-link-color wp-elements-c487ede4cd7b272b3eef60be7806061c\">Champ\u00e1n con carne<\/h3>\n\n\n\n<ul class=\"wp-block-list\">\n<li>Champ\u00e1n Del&#8217;Oz Art, Vincelles, cuv\u00e9e \u00abAssemblage<\/li>\n\n\n\n<li>Dame de la Renaissance, Blancs-Coteaux, Grand cru de la C\u00f4te des Blancs 100% Chardonnay<\/li>\n\n\n\n<li>Champ\u00e1n Boutillier-Poissinet, Binson-Orquigny, cuv\u00e9e \u00abEclat de sens<\/li>\n<\/ul>\n\n\n\n<h3 class=\"wp-block-heading has-accent-1-color has-text-color has-link-color wp-elements-7f1859d4b64a16963682817e93a62c3f\">Champ\u00e1n con pescado<\/h3>\n\n\n\n<ul class=\"wp-block-list\">\n<li>Champ\u00e1n Elodie D., Epernay, cosecha \u00abPaul<\/li>\n\n\n\n<li>Champagne Fanny Heucq, Cuisles, cuv\u00e9e \u00abH\u00e9ritage<\/li>\n\n\n\n<li>Domaine des Arondes, Avenay-Val-d&#8217;Or, cosecha \u00abFallait pas commencer\u00bb.<\/li>\n<\/ul>\n\n\n\n<h3 class=\"wp-block-heading has-accent-1-color has-text-color has-link-color wp-elements-a035cda63e2f14538f32cb355dcc9546\">Maridaje de champ\u00e1n y queso<\/h3>\n\n\n\n<ul class=\"wp-block-list\">\n<li>Champ\u00e1n Jacques Chaput, Arrenti\u00e8res, cuv\u00e9e \u00abla salamandre<\/li>\n\n\n\n<li>Champ\u00e1n Pierre Moncuit, le Mesnil-sur-Oger, Assemblage Brut Grande R\u00e9serve<\/li>\n\n\n\n<li>Champ\u00e1n Juliette Coutelas, Villers-sous-Ch\u00e2tillon, cuv\u00e9e \u00abMod\u00e8le Imparfait<\/li>\n<\/ul>\n\n\n\n<div class=\"wp-block-buttons is-layout-flex wp-block-buttons-is-layout-flex\">\n<div class=\"wp-block-button\"><a class=\"wp-block-button__link has-base-color has-accent-1-background-color has-text-color has-background has-link-color wp-element-button\" href=\"https:\/\/www.epernay-tourisme.com\/100-champagne\/experiences-inspirations-champagne\/jeunes-talents-du-champagne\/\" target=\"_blank\" rel=\"noreferrer noopener\">Ver los retratos<\/a><\/div>\n<\/div>\n<\/div>\n<\/div>\n<\/section>\n\n<section class=\"wp-block-group alignfull pattern-text-50-media-50 has-middleground-background-color has-background has-global-padding is-layout-constrained wp-block-group-is-layout-constrained\">\n<div class=\"wp-block-columns is-layout-flex wp-container-core-columns-is-layout-63fbf5b9 wp-block-columns-is-layout-flex\">\n<div class=\"wp-block-column is-layout-flow wp-block-column-is-layout-flow\">\n<h2 class=\"wp-block-heading\"><strong>\u00a1DESCUBRE CHAMP\u00c1N Y EL MARNE DE OTRA MANERA!<\/strong><\/h2>\n\n\n\n<hr class=\"wp-block-separator has-text-color has-accent-3-color has-alpha-channel-opacity has-accent-3-background-color has-background\"\/>\n\n\n\n<p class=\"wp-block-paragraph\">Conoce a los ganadores del concurso <strong>Jeunes talents du Champagne<\/strong> y descubre el saber hacer y la pasi\u00f3n de esta nueva generaci\u00f3n de viticultores de Champagne.<\/p>\n\n\n\n<div class=\"wp-block-buttons is-layout-flex wp-block-buttons-is-layout-flex\">\n<div class=\"wp-block-button btn-download\"><a class=\"wp-block-button__link has-accent-3-color has-text-color has-link-color wp-element-button\" href=\"https:\/\/tourisme-en-champagne.com\/assets\/uploads\/2025\/06\/jtc.pdf\" target=\"_blank\" rel=\"noreferrer noopener\">Gu\u00eda de J\u00f3venes Talentos del Champ\u00e1n<\/a><\/div>\n<\/div>\n<\/div>\n\n\n\n<div class=\"wp-block-column is-layout-flow wp-block-column-is-layout-flow\">\n<figure class=\"wp-block-image size-full\"><img loading=\"lazy\" decoding=\"async\" width=\"485\" height=\"312\" src=\"https:\/\/tourisme-en-champagne.com\/assets\/uploads\/2025\/06\/jttbrochure-0-0-1.png\" alt=\"\" class=\"wp-image-10396\" title=\"\" srcset=\"https:\/\/tourisme-en-champagne.com\/assets\/uploads\/2025\/06\/jttbrochure-0-0-1.png 485w, https:\/\/tourisme-en-champagne.com\/assets\/uploads\/2025\/06\/jttbrochure-0-0-1-400x257.png 400w\" sizes=\"auto, (max-width: 485px) 100vw, 485px\" \/><\/figure>\n<\/div>\n<\/div>\n<\/section>\n","protected":false},"excerpt":{"rendered":"<p>\u00a1ENTRE TRADICI\u00d3N Y MODERNIDAD! Herederos de una larga tradici\u00f3n familiar y deseosos de expresar su propia personalidad en sus vinos, a todos les mueve la misma pasi\u00f3n: el CHAMPAGNE. Estos viticultores quieren compartir su pasi\u00f3n contigo y te dan la bienvenida a su finca para una cata, una visita a sus bodegas o un recorrido [&hellip;]<\/p>\n","protected":false},"author":2,"featured_media":10390,"parent":20839,"menu_order":0,"comment_status":"closed","ping_status":"closed","template":"templates\/accueil-espace.php","meta":{"_acf_changed":false,"footnotes":"","_links_to":"","_links_to_target":""},"class_list":["post-20808","page","type-page","status-publish","has-post-thumbnail","hentry"],"acf":[],"_links":{"self":[{"href":"https:\/\/tourisme-en-champagne.com\/es\/wp-json\/wp\/v2\/pages\/20808","targetHints":{"allow":["GET"]}}],"collection":[{"href":"https:\/\/tourisme-en-champagne.com\/es\/wp-json\/wp\/v2\/pages"}],"about":[{"href":"https:\/\/tourisme-en-champagne.com\/es\/wp-json\/wp\/v2\/types\/page"}],"author":[{"embeddable":true,"href":"https:\/\/tourisme-en-champagne.com\/es\/wp-json\/wp\/v2\/users\/2"}],"replies":[{"embeddable":true,"href":"https:\/\/tourisme-en-champagne.com\/es\/wp-json\/wp\/v2\/comments?post=20808"}],"version-history":[{"count":1,"href":"https:\/\/tourisme-en-champagne.com\/es\/wp-json\/wp\/v2\/pages\/20808\/revisions"}],"predecessor-version":[{"id":20810,"href":"https:\/\/tourisme-en-champagne.com\/es\/wp-json\/wp\/v2\/pages\/20808\/revisions\/20810"}],"up":[{"embeddable":true,"href":"https:\/\/tourisme-en-champagne.com\/es\/wp-json\/wp\/v2\/pages\/20839"}],"wp:featuredmedia":[{"embeddable":true,"href":"https:\/\/tourisme-en-champagne.com\/es\/wp-json\/wp\/v2\/media\/10390"}],"wp:attachment":[{"href":"https:\/\/tourisme-en-champagne.com\/es\/wp-json\/wp\/v2\/media?parent=20808"}],"curies":[{"name":"wp","href":"https:\/\/api.w.org\/{rel}","templated":true}]}}

Jóvenes talentos del champán

<section class="wp-block-group alignfull pattern-text-100 has-base-background-color has-background has-global-padding is-layout-constrained wp-block-group-is-layout-constrained">
<div class="wp-block-columns is-layout-flex wp-container-core-columns-is-layout-63fbf5b9 wp-block-columns-is-layout-flex">
<div class="wp-block-column is-layout-flow wp-block-column-is-layout-flow">
<h2 class="wp-block-heading"><strong>¡ENTRE TRADICIÓN Y MODERNIDAD!</strong></h2>



<hr class="wp-block-separator has-text-color has-accent-1-color has-alpha-channel-opacity has-accent-1-background-color has-background"/>



<p class="patterns-underline wp-block-paragraph">Herederos de una larga tradición familiar y deseosos de expresar su propia personalidad en sus vinos, a todos les mueve la misma pasión: el CHAMPAGNE.</p>



<p class="wp-block-paragraph">Estos viticultores quieren compartir su pasión contigo y te dan la bienvenida a su finca para una cata, una visita a sus bodegas o un recorrido por sus viñedos. Han sido seleccionados por especialistas (enólogos, jefes de bodega, sumiller jefe) en un concurso.   </p>



<p class="wp-block-paragraph">Al jurado le conquistó la calidad y la personalidad de su champán, la forma en que refleja sus terruños, su historia familiar y su motivación. ¡Porque tienen ambición! </p>



<p class="patterns-underline wp-block-paragraph">Todos ellos han tomado las riendas de la empresa familiar o han creado su propia marca de champán en los últimos años. Un reto que han aceptado con orgullo. </p>



<div class="wp-block-buttons is-layout-flex wp-block-buttons-is-layout-flex">
<div class="wp-block-button"><a class="wp-block-button__link has-base-color has-accent-1-background-color has-text-color has-background has-link-color wp-element-button" href="#">Jóvenes talentos del champán</a></div>
</div>
</div>
</div>
</section>

<section style="background-image:url(&apos;https://tourisme-en-champagne.com/assets/uploads/2025/06/vigne-david.jpg&apos;);background-size:cover;" class="wp-block-group alignfull pattern-text-50-right-background has-base-color has-text-color has-link-color wp-elements-d57a2c68f70f840349f56a23e0ec4d23 has-global-padding is-layout-constrained wp-block-group-is-layout-constrained has-background">
<div class="wp-block-columns is-layout-flex wp-container-core-columns-is-layout-fdcf44e1 wp-block-columns-is-layout-flex">
<div class="wp-block-column is-layout-flow wp-block-column-is-layout-flow"></div>



<div class="wp-block-column is-layout-flow wp-block-column-is-layout-flow">
<h2 class="wp-block-heading"><strong><strong>LOS GANADORES DE 2024</strong></strong></h2>



<hr class="wp-block-separator has-text-color has-accent-3-color has-alpha-channel-opacity has-accent-3-background-color has-background"/>



<p class="wp-block-paragraph"><strong>ACCORD CHAMPAGNE/POISSON</strong><br/>Marie Marjorie Laurent Domaine des Arondes, Avenay-Val-d&#8217;Or</p>



<p class="wp-block-paragraph"><strong>ACCORD CHAMPAGNE/VIANDE</strong><br/>Cécile Boutillier, Champagne Boutillier Poissinet, Binson-Orquigny</p>



<p class="wp-block-paragraph"><strong>ACCORD CHAMPAGNE/FROMAGE</strong><br/>Juliette Coutelas, Champagne Juliette Coutelas, Villers-sous-Châtillon</p>



<p class="wp-block-paragraph"><strong>PRIX DU PUBLIC</strong><br/>Champagne Roland Boulard et filles à Cormicy, cuvée Roland Boulard</p>



<p class="wp-block-paragraph"><strong>PREMIO DEL JURADO</strong><br/>Jason Chaput, Champagne Jacques Chaput, que también recibió la mención especial <strong>«Favorito del Jurado</strong>«.</p>
</div>
</div>
</section>

<section class="wp-block-group alignfull pattern-text-100 has-base-background-color has-background has-global-padding is-layout-constrained wp-block-group-is-layout-constrained">
<div class="wp-block-columns is-layout-flex wp-container-core-columns-is-layout-63fbf5b9 wp-block-columns-is-layout-flex">
<div class="wp-block-column is-layout-flow wp-block-column-is-layout-flow">
<p class="patterns-underline wp-block-paragraph"><em>Los candidatos de <strong>Jeunes talents du Champagne </strong>proponen al jurado <strong>maridajes de comida y champán</strong>.<br/>Descubre los retratos de los 9 candidatos de la edición de 2024, viticultores herederos de una larga tradición familiar y deseosos de expresar su propia personalidad en sus vinos.</em></p>



<h3 class="wp-block-heading has-accent-1-color has-text-color has-link-color wp-elements-c487ede4cd7b272b3eef60be7806061c">Champán con carne</h3>



<ul class="wp-block-list">
<li>Champán Del&#8217;Oz Art, Vincelles, cuvée «Assemblage</li>



<li>Dame de la Renaissance, Blancs-Coteaux, Grand cru de la Côte des Blancs 100% Chardonnay</li>



<li>Champán Boutillier-Poissinet, Binson-Orquigny, cuvée «Eclat de sens</li>
</ul>



<h3 class="wp-block-heading has-accent-1-color has-text-color has-link-color wp-elements-7f1859d4b64a16963682817e93a62c3f">Champán con pescado</h3>



<ul class="wp-block-list">
<li>Champán Elodie D., Epernay, cosecha «Paul</li>



<li>Champagne Fanny Heucq, Cuisles, cuvée «Héritage</li>



<li>Domaine des Arondes, Avenay-Val-d&#8217;Or, cosecha «Fallait pas commencer».</li>
</ul>



<h3 class="wp-block-heading has-accent-1-color has-text-color has-link-color wp-elements-a035cda63e2f14538f32cb355dcc9546">Maridaje de champán y queso</h3>



<ul class="wp-block-list">
<li>Champán Jacques Chaput, Arrentières, cuvée «la salamandre</li>



<li>Champán Pierre Moncuit, le Mesnil-sur-Oger, Assemblage Brut Grande Réserve</li>



<li>Champán Juliette Coutelas, Villers-sous-Châtillon, cuvée «Modèle Imparfait</li>
</ul>



<div class="wp-block-buttons is-layout-flex wp-block-buttons-is-layout-flex">
<div class="wp-block-button"><a class="wp-block-button__link has-base-color has-accent-1-background-color has-text-color has-background has-link-color wp-element-button" href="https://www.epernay-tourisme.com/100-champagne/experiences-inspirations-champagne/jeunes-talents-du-champagne/" target="_blank" rel="noreferrer noopener">Ver los retratos</a></div>
</div>
</div>
</div>
</section>

<section class="wp-block-group alignfull pattern-text-50-media-50 has-middleground-background-color has-background has-global-padding is-layout-constrained wp-block-group-is-layout-constrained">
<div class="wp-block-columns is-layout-flex wp-container-core-columns-is-layout-63fbf5b9 wp-block-columns-is-layout-flex">
<div class="wp-block-column is-layout-flow wp-block-column-is-layout-flow">
<h2 class="wp-block-heading"><strong>¡DESCUBRE CHAMPÁN Y EL MARNE DE OTRA MANERA!</strong></h2>



<hr class="wp-block-separator has-text-color has-accent-3-color has-alpha-channel-opacity has-accent-3-background-color has-background"/>



<p class="wp-block-paragraph">Conoce a los ganadores del concurso <strong>Jeunes talents du Champagne</strong> y descubre el saber hacer y la pasión de esta nueva generación de viticultores de Champagne.</p>



<div class="wp-block-buttons is-layout-flex wp-block-buttons-is-layout-flex">
<div class="wp-block-button btn-download"><a class="wp-block-button__link has-accent-3-color has-text-color has-link-color wp-element-button" href="https://tourisme-en-champagne.com/assets/uploads/2025/06/jtc.pdf" target="_blank" rel="noreferrer noopener">Guía de Jóvenes Talentos del Champán</a></div>
</div>
</div>



<div class="wp-block-column is-layout-flow wp-block-column-is-layout-flow">
<figure class="wp-block-image size-full"><img loading="lazy" decoding="async" width="485" height="312" src="https://tourisme-en-champagne.com/assets/uploads/2025/06/jttbrochure-0-0-1.png" alt="" class="wp-image-10396" title="" srcset="https://tourisme-en-champagne.com/assets/uploads/2025/06/jttbrochure-0-0-1.png 485w, https://tourisme-en-champagne.com/assets/uploads/2025/06/jttbrochure-0-0-1-400x257.png 400w" sizes="auto, (max-width: 485px) 100vw, 485px" /></figure>
</div>
</div>
</section>

<p>¡ENTRE TRADICIÓN Y MODERNIDAD! Herederos de una larga tradición familiar y deseosos de expresar su propia personalidad en sus vinos, a todos les mueve la misma pasión: el CHAMPAGNE. Estos viticultores quieren compartir su pasión contigo y te dan la bienvenida a su finca para una cata, una visita a sus bodegas o un recorrido [&hellip;]</p>
