{"id":20556,"date":"2025-06-23T15:56:39","date_gmt":"2025-06-23T13:56:39","guid":{"rendered":"https:\/\/tourisme-en-champagne.com\/personas-con-movilidad-reducida\/"},"modified":"2025-11-27T15:56:04","modified_gmt":"2025-11-27T14:56:04","slug":"personas-con-movilidad-reducida","status":"publish","type":"page","link":"https:\/\/tourisme-en-champagne.com\/es\/personas-con-movilidad-reducida\/","title":{"rendered":"Personas con movilidad reducida"},"content":{"rendered":"\n<section class=\"wp-block-group alignfull pattern-text-100 has-base-background-color has-background has-global-padding is-layout-constrained wp-block-group-is-layout-constrained\">\n<div class=\"wp-block-columns is-layout-flex wp-container-core-columns-is-layout-63fbf5b9 wp-block-columns-is-layout-flex\">\n<div class=\"wp-block-column is-layout-flow wp-block-column-is-layout-flow\">\n<h2 class=\"wp-block-heading has-text-align-center\"><strong>Informaci\u00f3n para personas con movilidad reducida<\/strong><\/h2>\n\n\n\n<hr class=\"wp-block-separator aligncenter has-text-color has-accent-1-color has-alpha-channel-opacity has-accent-1-background-color has-background\"\/>\n\n\n\n<p class=\"has-text-align-center patterns-underline wp-block-paragraph\">El recorrido \u00abEn Rou(t)e Libre\u00bb es accesible para personas con movilidad reducida, al igual que varios actos en las plazas festivas de<br\/>.<\/p>\n\n\n\n<ul class=\"wp-block-list has-grey-color has-text-color has-link-color wp-elements-d1a28baea78a802dca31a8f8615ca1c2\">\n<li><strong>Recorrido<\/strong> <br\/>El recorrido es generalmente llano y asfaltado, cerrado al tr\u00e1fico motorizado y seguro.  <\/li>\n\n\n\n<li><strong>Transporte<\/strong> <br\/>Ten en cuenta que la estaci\u00f3n de Epernay est\u00e1 en obras de renovaci\u00f3n para personas con movilidad reducida (no hay rampa para bicicletas ni ascensor).<\/li>\n\n\n\n<li>Aseos accesibles <strong>en silla de ruedas<\/strong> <br\/>Habr\u00e1 aseos accesibles en silla de ruedas en las zonas festivas del recorrido y estar\u00e1n se\u00f1alizados en el lugar.<\/li>\n<\/ul>\n<\/div>\n<\/div>\n<\/section>\n","protected":false},"excerpt":{"rendered":"<p>Informaci\u00f3n para personas con movilidad reducida El recorrido \u00abEn Rou(t)e Libre\u00bb es accesible para personas con movilidad reducida, al igual que varios actos en las plazas festivas de.<\/p>\n","protected":false},"author":2,"featured_media":0,"parent":0,"menu_order":0,"comment_status":"closed","ping_status":"closed","template":"templates\/editorial-content.php","meta":{"_acf_changed":false,"footnotes":"","_links_to":"","_links_to_target":""},"class_list":["post-20556","page","type-page","status-publish","hentry"],"acf":[],"_links":{"self":[{"href":"https:\/\/tourisme-en-champagne.com\/es\/wp-json\/wp\/v2\/pages\/20556","targetHints":{"allow":["GET"]}}],"collection":[{"href":"https:\/\/tourisme-en-champagne.com\/es\/wp-json\/wp\/v2\/pages"}],"about":[{"href":"https:\/\/tourisme-en-champagne.com\/es\/wp-json\/wp\/v2\/types\/page"}],"author":[{"embeddable":true,"href":"https:\/\/tourisme-en-champagne.com\/es\/wp-json\/wp\/v2\/users\/2"}],"replies":[{"embeddable":true,"href":"https:\/\/tourisme-en-champagne.com\/es\/wp-json\/wp\/v2\/comments?post=20556"}],"version-history":[{"count":1,"href":"https:\/\/tourisme-en-champagne.com\/es\/wp-json\/wp\/v2\/pages\/20556\/revisions"}],"predecessor-version":[{"id":20557,"href":"https:\/\/tourisme-en-champagne.com\/es\/wp-json\/wp\/v2\/pages\/20556\/revisions\/20557"}],"wp:attachment":[{"href":"https:\/\/tourisme-en-champagne.com\/es\/wp-json\/wp\/v2\/media?parent=20556"}],"curies":[{"name":"wp","href":"https:\/\/api.w.org\/{rel}","templated":true}]}}

<section class="wp-block-group alignfull pattern-text-100 has-base-background-color has-background has-global-padding is-layout-constrained wp-block-group-is-layout-constrained">
<div class="wp-block-columns is-layout-flex wp-container-core-columns-is-layout-63fbf5b9 wp-block-columns-is-layout-flex">
<div class="wp-block-column is-layout-flow wp-block-column-is-layout-flow">
<h2 class="wp-block-heading has-text-align-center"><strong>Información para personas con movilidad reducida</strong></h2>



<hr class="wp-block-separator aligncenter has-text-color has-accent-1-color has-alpha-channel-opacity has-accent-1-background-color has-background"/>



<p class="has-text-align-center patterns-underline wp-block-paragraph">El recorrido «En Rou(t)e Libre» es accesible para personas con movilidad reducida, al igual que varios actos en las plazas festivas de<br/>.</p>



<ul class="wp-block-list has-grey-color has-text-color has-link-color wp-elements-d1a28baea78a802dca31a8f8615ca1c2">
<li><strong>Recorrido</strong> <br/>El recorrido es generalmente llano y asfaltado, cerrado al tráfico motorizado y seguro.  </li>



<li><strong>Transporte</strong> <br/>Ten en cuenta que la estación de Epernay está en obras de renovación para personas con movilidad reducida (no hay rampa para bicicletas ni ascensor).</li>



<li>Aseos accesibles <strong>en silla de ruedas</strong> <br/>Habrá aseos accesibles en silla de ruedas en las zonas festivas del recorrido y estarán señalizados en el lugar.</li>
</ul>
</div>
</div>
</section>

<p>Información para personas con movilidad reducida El recorrido «En Rou(t)e Libre» es accesible para personas con movilidad reducida, al igual que varios actos en las plazas festivas de.</p>
