{"id":19583,"date":"2025-08-01T08:59:36","date_gmt":"2025-08-01T06:59:36","guid":{"rendered":"https:\/\/tourisme-en-champagne.com\/macizo-de-saint-thierry\/"},"modified":"2025-11-25T18:55:31","modified_gmt":"2025-11-25T17:55:31","slug":"macizo-de-saint-thierry","status":"publish","type":"page","link":"https:\/\/tourisme-en-champagne.com\/es\/macizo-de-saint-thierry\/","title":{"rendered":"Macizo de Saint-Thierry"},"content":{"rendered":"\n<section class=\"wp-block-group alignfull pattern-text has-global-padding is-content-justification-center is-layout-constrained wp-block-group-is-layout-constrained\">\n<div class=\"wp-block-columns is-layout-flex wp-container-core-columns-is-layout-fdcf44e1 wp-block-columns-is-layout-flex\">\n<div class=\"wp-block-column is-layout-flow wp-block-column-is-layout-flow\">\n<h2 class=\"wp-block-heading\"><strong>Un poco de historia&#8230;<\/strong><\/h2>\n\n\n\n<hr class=\"wp-block-separator has-text-color has-grey-color has-alpha-channel-opacity has-grey-background-color has-background\"\/>\n\n\n\n<p class=\"has-text-align-left wp-block-paragraph\">Clodoveo don\u00f3 el Macizo de Saint-Thierry a San Remi en la Nochebuena de 496 como recompensa por su bautismo. Desde entonces, esta regi\u00f3n estuvo estrechamente vinculada a la historia de Reims y a las coronaciones. <\/p>\n\n\n\n<p class=\"has-text-align-left wp-block-paragraph\">El Macizo de Saint-Thierry es testigo de este pasado, combinando naturaleza y joyas arquitect\u00f3nicas&#8230;<\/p>\n<\/div>\n<\/div>\n<\/section>\n\n<section class=\"wp-block-group alignfull pattern-text-50-media-50 has-middleground-background-color has-background has-global-padding is-layout-constrained wp-block-group-is-layout-constrained\">\n<div class=\"wp-block-columns is-layout-flex wp-container-core-columns-is-layout-63fbf5b9 wp-block-columns-is-layout-flex\">\n<div class=\"wp-block-column is-layout-flow wp-block-column-is-layout-flow\">\n<figure class=\"wp-block-image size-full\"><img loading=\"lazy\" decoding=\"async\" width=\"1920\" height=\"870\" src=\"https:\/\/tourisme-en-champagne.com\/assets\/uploads\/2025\/07\/cathedrale-de-reimscwwwmkb-photos-coll-adt-marne8-preview.jpeg\" alt=\"Catedral de Reims\" class=\"wp-image-13197\" title=\"\" srcset=\"https:\/\/tourisme-en-champagne.com\/assets\/uploads\/2025\/07\/cathedrale-de-reimscwwwmkb-photos-coll-adt-marne8-preview.jpeg 1920w, https:\/\/tourisme-en-champagne.com\/assets\/uploads\/2025\/07\/cathedrale-de-reimscwwwmkb-photos-coll-adt-marne8-preview-640x290.jpeg 640w, https:\/\/tourisme-en-champagne.com\/assets\/uploads\/2025\/07\/cathedrale-de-reimscwwwmkb-photos-coll-adt-marne8-preview-1280x580.jpeg 1280w, https:\/\/tourisme-en-champagne.com\/assets\/uploads\/2025\/07\/cathedrale-de-reimscwwwmkb-photos-coll-adt-marne8-preview-400x181.jpeg 400w, https:\/\/tourisme-en-champagne.com\/assets\/uploads\/2025\/07\/cathedrale-de-reimscwwwmkb-photos-coll-adt-marne8-preview-768x348.jpeg 768w, https:\/\/tourisme-en-champagne.com\/assets\/uploads\/2025\/07\/cathedrale-de-reimscwwwmkb-photos-coll-adt-marne8-preview-1536x696.jpeg 1536w\" sizes=\"auto, (max-width: 1920px) 100vw, 1920px\" \/><\/figure>\n<\/div>\n\n\n\n<div class=\"wp-block-column is-layout-flow wp-block-column-is-layout-flow\">\n<p class=\"wp-block-paragraph\">El recorrido comienza con una visita a la catedral de Reims, obra maestra del arte g\u00f3tico, donde han sido coronados a lo largo de los siglos trescientos reyes de Francia. Aqu\u00ed podr\u00e1s admirar la famosa estatua del \u00c1ngel Sonriente. <\/p>\n\n\n\n<p class=\"wp-block-paragraph\">Cerca de all\u00ed, el Palais du Tau alberga el tesoro de la catedral y algunas de las estatuas originales&#8230; Luego te dirigir\u00e1s hacia Tinqueux, despu\u00e9s a Champigny, y es en Merfy donde aparecen las vi\u00f1as&#8230; <\/p>\n\n\n\n<p class=\"wp-block-paragraph\">Descubre Saint-Thierry y su Abad\u00eda. El pueblo creci\u00f3 en torno al monasterio fundado en el a\u00f1o 500 d.C. por San Thierry, disc\u00edpulo de San Remi. Podr\u00e1s admirar la capilla de la comunidad (siglo XII), antigua sala capitular con bellos capiteles tallados.  <\/p>\n\n\n\n<div class=\"wp-block-buttons is-layout-flex wp-block-buttons-is-layout-flex\">\n<div class=\"wp-block-button\"><a class=\"wp-block-button__link has-base-color has-grey-background-color has-text-color has-background has-link-color wp-element-button\" href=\"https:\/\/www.cirkwi.com\/fr\/circuit\/59609-route-touristique-du-champagne-massif-de-saint-thierry-vallee-de-l-ardre\" target=\"_blank\" rel=\"noreferrer noopener\">Itinerarios<\/a><\/div>\n<\/div>\n<\/div>\n<\/div>\n<\/section>\n\n<p class=\"wp-block-paragraph\">Una vez de vuelta en Reims, no dejes de visitar la magn\u00edfica Bas\u00edlica de Saint-Remi y su museo, Patrimonio Mundial de la UNESCO, al igual que la catedral y el Palacio del Tau.<\/p>\n\n<section class=\"wp-block-group alignfull pattern-text-100 has-base-color has-brown-background-color has-text-color has-background has-link-color wp-elements-b11ab394921e1560152646066330785a has-global-padding is-layout-constrained wp-block-group-is-layout-constrained\">\n<div class=\"wp-block-columns is-layout-flex wp-container-core-columns-is-layout-63fbf5b9 wp-block-columns-is-layout-flex\">\n<div class=\"wp-block-column is-layout-flow wp-block-column-is-layout-flow\">\n<h3 class=\"wp-block-heading\">Tambi\u00e9n descubrir\u00e1s :<\/h3>\n\n\n\n<ul class=\"wp-block-list\">\n<li>el molino de Villers-Franqueux<\/li>\n\n\n\n<li>la iglesia de Saint-Sauveur d&#8217;Hermonville<\/li>\n\n\n\n<li>la \u00abGruta de la Vierge\u00bb en Montigny-sur-Vesle<\/li>\n\n\n\n<li>la iglesia rom\u00e1nica con coro g\u00f3tico de P\u00e9vy<\/li>\n\n\n\n<li>la vista desde Trigny<\/li>\n\n\n\n<li>el monumento a la Resistencia en las afueras de Chenay<\/li>\n<\/ul>\n<\/div>\n<\/div>\n<\/section>\n\n<p class=\"wp-block-paragraph\"><\/p>\n","protected":false},"excerpt":{"rendered":"<p>Un poco de historia&#8230; Clodoveo don\u00f3 el Macizo de Saint-Thierry a San Remi en la Nochebuena de 496 como recompensa por su bautismo. Desde entonces, esta regi\u00f3n estuvo estrechamente vinculada a la historia de Reims y a las coronaciones. El Macizo de Saint-Thierry es testigo de este pasado, combinando naturaleza y joyas arquitect\u00f3nicas&#8230; El recorrido [&hellip;]<\/p>\n","protected":false},"author":2,"featured_media":12746,"parent":0,"menu_order":0,"comment_status":"closed","ping_status":"closed","template":"templates\/editorial-content.php","meta":{"_acf_changed":false,"footnotes":"","_links_to":"","_links_to_target":""},"class_list":["post-19583","page","type-page","status-publish","has-post-thumbnail","hentry"],"acf":[],"_links":{"self":[{"href":"https:\/\/tourisme-en-champagne.com\/es\/wp-json\/wp\/v2\/pages\/19583","targetHints":{"allow":["GET"]}}],"collection":[{"href":"https:\/\/tourisme-en-champagne.com\/es\/wp-json\/wp\/v2\/pages"}],"about":[{"href":"https:\/\/tourisme-en-champagne.com\/es\/wp-json\/wp\/v2\/types\/page"}],"author":[{"embeddable":true,"href":"https:\/\/tourisme-en-champagne.com\/es\/wp-json\/wp\/v2\/users\/2"}],"replies":[{"embeddable":true,"href":"https:\/\/tourisme-en-champagne.com\/es\/wp-json\/wp\/v2\/comments?post=19583"}],"version-history":[{"count":1,"href":"https:\/\/tourisme-en-champagne.com\/es\/wp-json\/wp\/v2\/pages\/19583\/revisions"}],"predecessor-version":[{"id":19586,"href":"https:\/\/tourisme-en-champagne.com\/es\/wp-json\/wp\/v2\/pages\/19583\/revisions\/19586"}],"wp:featuredmedia":[{"embeddable":true,"href":"https:\/\/tourisme-en-champagne.com\/es\/wp-json\/wp\/v2\/media\/12746"}],"wp:attachment":[{"href":"https:\/\/tourisme-en-champagne.com\/es\/wp-json\/wp\/v2\/media?parent=19583"}],"curies":[{"name":"wp","href":"https:\/\/api.w.org\/{rel}","templated":true}]}}

<section class="wp-block-group alignfull pattern-text has-global-padding is-content-justification-center is-layout-constrained wp-block-group-is-layout-constrained">
<div class="wp-block-columns is-layout-flex wp-container-core-columns-is-layout-fdcf44e1 wp-block-columns-is-layout-flex">
<div class="wp-block-column is-layout-flow wp-block-column-is-layout-flow">
<h2 class="wp-block-heading"><strong>Un poco de historia&#8230;</strong></h2>



<hr class="wp-block-separator has-text-color has-grey-color has-alpha-channel-opacity has-grey-background-color has-background"/>



<p class="has-text-align-left wp-block-paragraph">Clodoveo donó el Macizo de Saint-Thierry a San Remi en la Nochebuena de 496 como recompensa por su bautismo. Desde entonces, esta región estuvo estrechamente vinculada a la historia de Reims y a las coronaciones. </p>



<p class="has-text-align-left wp-block-paragraph">El Macizo de Saint-Thierry es testigo de este pasado, combinando naturaleza y joyas arquitectónicas&#8230;</p>
</div>
</div>
</section>

<section class="wp-block-group alignfull pattern-text-50-media-50 has-middleground-background-color has-background has-global-padding is-layout-constrained wp-block-group-is-layout-constrained">
<div class="wp-block-columns is-layout-flex wp-container-core-columns-is-layout-63fbf5b9 wp-block-columns-is-layout-flex">
<div class="wp-block-column is-layout-flow wp-block-column-is-layout-flow">
<figure class="wp-block-image size-full"><img loading="lazy" decoding="async" width="1920" height="870" src="https://tourisme-en-champagne.com/assets/uploads/2025/07/cathedrale-de-reimscwwwmkb-photos-coll-adt-marne8-preview.jpeg" alt="Catedral de Reims" class="wp-image-13197" title="" srcset="https://tourisme-en-champagne.com/assets/uploads/2025/07/cathedrale-de-reimscwwwmkb-photos-coll-adt-marne8-preview.jpeg 1920w, https://tourisme-en-champagne.com/assets/uploads/2025/07/cathedrale-de-reimscwwwmkb-photos-coll-adt-marne8-preview-640x290.jpeg 640w, https://tourisme-en-champagne.com/assets/uploads/2025/07/cathedrale-de-reimscwwwmkb-photos-coll-adt-marne8-preview-1280x580.jpeg 1280w, https://tourisme-en-champagne.com/assets/uploads/2025/07/cathedrale-de-reimscwwwmkb-photos-coll-adt-marne8-preview-400x181.jpeg 400w, https://tourisme-en-champagne.com/assets/uploads/2025/07/cathedrale-de-reimscwwwmkb-photos-coll-adt-marne8-preview-768x348.jpeg 768w, https://tourisme-en-champagne.com/assets/uploads/2025/07/cathedrale-de-reimscwwwmkb-photos-coll-adt-marne8-preview-1536x696.jpeg 1536w" sizes="auto, (max-width: 1920px) 100vw, 1920px" /></figure>
</div>



<div class="wp-block-column is-layout-flow wp-block-column-is-layout-flow">
<p class="wp-block-paragraph">El recorrido comienza con una visita a la catedral de Reims, obra maestra del arte gótico, donde han sido coronados a lo largo de los siglos trescientos reyes de Francia. Aquí podrás admirar la famosa estatua del Ángel Sonriente. </p>



<p class="wp-block-paragraph">Cerca de allí, el Palais du Tau alberga el tesoro de la catedral y algunas de las estatuas originales&#8230; Luego te dirigirás hacia Tinqueux, después a Champigny, y es en Merfy donde aparecen las viñas&#8230; </p>



<p class="wp-block-paragraph">Descubre Saint-Thierry y su Abadía. El pueblo creció en torno al monasterio fundado en el año 500 d.C. por San Thierry, discípulo de San Remi. Podrás admirar la capilla de la comunidad (siglo XII), antigua sala capitular con bellos capiteles tallados.  </p>



<div class="wp-block-buttons is-layout-flex wp-block-buttons-is-layout-flex">
<div class="wp-block-button"><a class="wp-block-button__link has-base-color has-grey-background-color has-text-color has-background has-link-color wp-element-button" href="https://www.cirkwi.com/fr/circuit/59609-route-touristique-du-champagne-massif-de-saint-thierry-vallee-de-l-ardre" target="_blank" rel="noreferrer noopener">Itinerarios</a></div>
</div>
</div>
</div>
</section>

<p class="wp-block-paragraph">Una vez de vuelta en Reims, no dejes de visitar la magnífica Basílica de Saint-Remi y su museo, Patrimonio Mundial de la UNESCO, al igual que la catedral y el Palacio del Tau.</p>

<section class="wp-block-group alignfull pattern-text-100 has-base-color has-brown-background-color has-text-color has-background has-link-color wp-elements-b11ab394921e1560152646066330785a has-global-padding is-layout-constrained wp-block-group-is-layout-constrained">
<div class="wp-block-columns is-layout-flex wp-container-core-columns-is-layout-63fbf5b9 wp-block-columns-is-layout-flex">
<div class="wp-block-column is-layout-flow wp-block-column-is-layout-flow">
<h3 class="wp-block-heading">También descubrirás :</h3>



<ul class="wp-block-list">
<li>el molino de Villers-Franqueux</li>



<li>la iglesia de Saint-Sauveur d&#8217;Hermonville</li>



<li>la «Gruta de la Vierge» en Montigny-sur-Vesle</li>



<li>la iglesia románica con coro gótico de Pévy</li>



<li>la vista desde Trigny</li>



<li>el monumento a la Resistencia en las afueras de Chenay</li>
</ul>
</div>
</div>
</section>

<p class="wp-block-paragraph"></p>

<p>Un poco de historia&#8230; Clodoveo donó el Macizo de Saint-Thierry a San Remi en la Nochebuena de 496 como recompensa por su bautismo. Desde entonces, esta región estuvo estrechamente vinculada a la historia de Reims y a las coronaciones. El Macizo de Saint-Thierry es testigo de este pasado, combinando naturaleza y joyas arquitectónicas&#8230; El recorrido [&hellip;]</p>
