{"id":20765,"date":"2025-06-27T10:15:17","date_gmt":"2025-06-27T08:15:17","guid":{"rendered":"https:\/\/tourisme-en-champagne.com\/winegrowers-create-an-event\/"},"modified":"2025-11-28T14:35:04","modified_gmt":"2025-11-28T13:35:04","slug":"winegrowers-create-an-event","status":"publish","type":"page","link":"https:\/\/tourisme-en-champagne.com\/en\/winegrowers-create-an-event\/","title":{"rendered":"Winegrowers create an event"},"content":{"rendered":"\n<section class=\"wp-block-group alignfull pattern-citation has-middleground-background-color has-background has-global-padding is-layout-constrained wp-block-group-is-layout-constrained\" style=\"margin-top:0;padding-top:var(--wp--preset--spacing--xx-large);padding-bottom:var(--wp--preset--spacing--xx-large)\">\n<div class=\"wp-block-columns is-layout-flex wp-container-core-columns-is-layout-fdcf44e1 wp-block-columns-is-layout-flex\">\n<div class=\"wp-block-column is-layout-flow wp-block-column-is-layout-flow\">\n<blockquote class=\"wp-block-quote is-layout-flow wp-block-quote-is-layout-flow\">\n<p class=\"wp-block-paragraph\">Everywhere in the Champagne appellation area, winegrowers are joining forces to promote their regions. Here are just a few of the highlights of the Champagne Tourist Route! <\/p>\n<\/blockquote>\n<\/div>\n<\/div>\n<\/section>\n\n<section class=\"wp-block-group alignfull pattern-documentary-space has-global-padding is-content-justification-center is-layout-constrained wp-block-group-is-layout-constrained\">\n<div class=\"wp-block-columns is-layout-flex wp-container-core-columns-is-layout-fdcf44e1 wp-block-columns-is-layout-flex\">\n<div class=\"wp-block-column is-layout-flow wp-block-column-is-layout-flow\">\n<h2 class=\"wp-block-heading\"><strong>Vignerons de la Vall\u00e9e du Flagot Champagne Bar<\/strong><\/h2>\n\n\n\n<hr class=\"wp-block-separator has-text-color has-accent-3-color has-alpha-channel-opacity has-accent-3-background-color has-background\" \/>\n\n\n\n<p class=\"wp-block-paragraph\">All summer long, from Saturday May 9, the Vignerons de la Vall\u00e9e du Flagot will be offering a temporary bar in a natural, green setting.<\/p>\n\n\n\n<p class=\"wp-block-paragraph\">The 19 member winemakers offer their champagnes on Friday evenings, and on Saturday evenings, the champagne bar is the setting for a wide range of events:<em>free concerts, games and other entertainment almost every weekend!<\/em><\/p>\n\n\n\n<p class=\"wp-block-paragraph\">The detailed program is available on the association&#8217;s website <a href=\"http:\/\/www.flagot.fr\/\" rel=\"noreferrer noopener\" target=\"_blank\">www.flagot.fr<\/a> and on its social networks @vvflagot on Instagram and <a href=\"https:\/\/www.facebook.com\/VVFlagot\/?locale=fr_FR\" target=\"_blank\" rel=\"noreferrer noopener\">Les Vignerons de la Vall\u00e9e du Flagot <\/a>on Facebook.<\/p>\n\n\n\n<div class=\"wp-block-buttons is-layout-flex wp-block-buttons-is-layout-flex\">\n<div class=\"wp-block-button\"><a class=\"wp-block-button__link has-accent-3-background-color has-background wp-element-button\" href=\"https:\/\/www.facebook.com\/VVFlagot\" target=\"_blank\" rel=\"noopener\">Read more<\/a><\/div>\n<\/div>\n<\/div>\n<\/div>\n<\/section>\n\n<section class=\"wp-block-group alignfull pattern-patchwork-3-texts-3-images has-global-padding is-layout-constrained wp-block-group-is-layout-constrained\">\n<div class=\"wp-block-columns is-layout-flex wp-container-core-columns-is-layout-63fbf5b9 wp-block-columns-is-layout-flex\">\n<div class=\"wp-block-column col-content is-layout-flow wp-block-column-is-layout-flow\" style=\"flex-basis:66.6%\">\n<h2 class=\"wp-block-heading\"><strong><strong>The little man&#8217;s secrets<\/strong><\/strong><\/h2>\n\n\n\n<hr class=\"wp-block-separator has-text-color has-accent-2-color has-alpha-channel-opacity has-accent-2-background-color has-background\" \/>\n\n\n\n<p class=\"wp-block-paragraph\">Head for Rilly-la-Montagne to take part in the <strong>&#8221; <\/strong> <a href=\"http:\/\/www.secretsdupetitbonhomme.com\/\" target=\"_blank\" rel=\"noreferrer noopener\">Secrets du Petit Bonhomme<\/a> &#8221; <strong>,<\/strong> an event organized in mid-July by some thirty winegrowers in the village.<\/p>\n\n\n\n<p class=\"wp-block-paragraph\">The concept? Cellar openings, vintage tastings, musical evenings, exhibitions and entertainment for all. At the first event in 2019, visitors were able to discover the secrets of barrel-making, as well as take part in the &#8220;Oenopiades&#8221;: a competition registered with the INPI, comprising three events, from disgorging to barrel racing and cork-throwing in the station square. The famous &#8220;little man&#8221; is a statue of Bacchus. It once adorned a fountain in Rilly and now stands near the station.      <\/p>\n<\/div>\n\n\n\n<div class=\"wp-block-column is-layout-flow wp-block-column-is-layout-flow\">\n<figure class=\"wp-block-image size-full\"><img loading=\"lazy\" decoding=\"async\" width=\"300\" height=\"600\" src=\"https:\/\/tourisme-en-champagne.com\/assets\/uploads\/2025\/06\/005-vignotresor-c-christophe-manquillet-coll-adt-marne.jpg\" alt=\"\" class=\"wp-image-11584\" title=\"\"><\/figure>\n\n\n\n<h2 class=\"wp-block-heading\"><strong><strong>The gourmet walk<\/strong><\/strong><\/h2>\n\n\n\n<hr class=\"wp-block-separator has-text-color has-accent-2-color has-alpha-channel-opacity has-accent-2-background-color has-background\" \/>\n\n\n\n<p class=\"wp-block-paragraph\">Combining sport and gastronomy: the <a href=\"http:\/\/flagot.fr\/\" target=\"_blank\" rel=\"noreferrer noopener\">Vignerons de la Vall\u00e9e du Flagot<\/a> (the little river that runs through Nesles-le-Repons, Festigny and Mareuil-le-Port to flow into the Marne) have thought of this too!<\/p>\n\n\n\n<p class=\"wp-block-paragraph\">A ten-kilometer route takes you through vineyards, streams and forests, equipped with a flute and a gourmet passport for six culinary highlights (aperitif, starter, trou champenois, main course, cheese and dessert).<\/p>\n\n\n\n<h2 class=\"wp-block-heading\"><strong><strong>Coteaux Vitryats en f\u00eate &#8211; the banquet<\/strong><\/strong><\/h2>\n\n\n\n<hr class=\"wp-block-separator has-text-color has-accent-2-color has-alpha-channel-opacity has-accent-2-background-color has-background\" \/>\n\n\n\n<p class=\"wp-block-paragraph\">Organized by <a href=\"https:\/\/www.facebook.com\/champagnedescoteauxvitryats\/\" target=\"_blank\" rel=\"noreferrer noopener\">the Association de Promotion du Champagne des Coteaux Vitryats<\/a> (APCCV) and held every year in July. New this year, at the foot of the Bassuet vineyard, in an easily accessible site, discover a festive atmosphere around a meal specially paired with champagnes from our Coteaux Vitryats. Welcome from 12pm and lunch at 1pm. Guided tour of the vineyards after lunch. Reservations required.    <\/p>\n\n\n\n<h2 class=\"wp-block-heading\"><strong><strong>Massif de Saint-Thierry<\/strong><\/strong><\/h2>\n\n\n\n<hr class=\"wp-block-separator has-text-color has-accent-2-color has-alpha-channel-opacity has-accent-2-background-color has-background\" \/>\n\n\n\n<p class=\"wp-block-paragraph\">Held every two years since 1991 in a village on the Saint-Thierry massif, the <a href=\"https:\/\/www.facebook.com\/MassifSaintThierry\/\" target=\"_blank\" rel=\"noreferrer noopener\">F\u00eate des vendanges \u00e0 l&#8217;ancienne<\/a> takes place in the decorated streets of the villages, combining the discovery of vines, gastronomy, culture and tradition.<\/p>\n\n\n\n<h2 class=\"wp-block-heading\"><strong><strong>COTEAUX DU S\u00c9ZANNAIS FESTIVAL<\/strong><\/strong><\/h2>\n\n\n\n<hr class=\"wp-block-separator has-text-color has-accent-2-color has-alpha-channel-opacity has-accent-2-background-color has-background\" \/>\n\n\n\n<p class=\"wp-block-paragraph\">Come and celebrate the 5th edition of the &#8220;F\u00eate des Coteaux&#8221; on Sunday, July 21, 2024 at Ch\u00e2teau de Mondement! The Association de Promotion des 2 Coteaux (Coteaux du S\u00e9zannais &amp; Coteaux du Petit Morin) invites you to a day dedicated to heritage, terroir and conviviality. <\/p>\n<\/div>\n\n\n\n<div class=\"wp-block-column is-layout-flow wp-block-column-is-layout-flow\">\n<figure class=\"wp-block-image size-full\"><img loading=\"lazy\" decoding=\"async\" width=\"300\" height=\"600\" src=\"https:\/\/tourisme-en-champagne.com\/assets\/uploads\/2025\/06\/escapade.jpeg\" alt=\"\" class=\"wp-image-11589\" title=\"\"><\/figure>\n\n\n\n<div class=\"wp-block-group col-content has-global-padding is-layout-constrained wp-block-group-is-layout-constrained\">\n<h2 class=\"wp-block-heading\"><strong><strong>Sparkling &amp; gourmet getaway<\/strong><\/strong><\/h2>\n\n\n\n<hr class=\"wp-block-separator has-text-color has-accent-2-color has-alpha-channel-opacity has-accent-2-background-color has-background\" \/>\n\n\n\n<p class=\"wp-block-paragraph\">Pierry, Moussy, Vinay, Brugny&#8230; welcome to the southern sun! <a href=\"http:\/\/coteaux-sud-epernay.fr\/\" target=\"_blank\" rel=\"noreferrer noopener\">The Association de Promotion des Coteaux sud d&#8217;\u00c9pernay<\/a> was founded in 1996 to promote the 13 communes in the area.<\/p>\n\n\n\n<p class=\"wp-block-paragraph\">And you usually have to wait until the 4th Sunday in June to take part in the famous <a href=\"https:\/\/www.coteaux-sud-epernay.fr\/evenements\/escapade-gourmande-et-petillante\" target=\"_blank\" rel=\"noreferrer noopener\"><strong>Escapade P\u00e9tillante et Gourmande en Champagne<\/strong><\/a>for lovers of the art of living, gastronomy and cultural heritage. Labelled &#8220;Vignobles &amp; D\u00e9couvertes&#8221;, this walk is interspersed with culinary stops, including a ball, musical entertainment and open doors at participating winegrowers. <\/p>\n\n\n\n<p class=\"wp-block-paragraph\">Visit <a href=\"https:\/\/www.coteaux-sud-epernay.fr\/evenements\/fascinant-week-end\" target=\"_blank\" rel=\"noreferrer noopener\"><strong>Summer Afters<\/strong> <\/a>on Fridays from May to August for sparkling evenings with Champagne bar, music and aperitif platters.<\/p>\n\n\n\n<p class=\"wp-block-paragraph\">Discover the Coteaux Sud d&#8217;\u00c9pernay with<strong> the IDVizit app.<\/strong><\/p>\n\n\n\n<figure class=\"wp-block-image size-full\"><img loading=\"lazy\" decoding=\"async\" width=\"300\" height=\"300\" src=\"https:\/\/tourisme-en-champagne.com\/assets\/uploads\/2025\/06\/vignart-2019-photo-michel-jolyot-33.jpg\" alt=\"\" class=\"wp-image-11594\" title=\"\"><\/figure>\n<\/div>\n<\/div>\n<\/div>\n<\/section>\n\n<section style=\"background-image:url(&apos;https:\/\/tourisme-en-champagne.com\/assets\/uploads\/2025\/06\/fascinant-we-2020-caxel-coeuret-coll-adt-marne-10.jpg&apos;);background-position:50% 50%;background-size:cover;background-attachment:scroll;\" class=\"wp-block-group alignfull pattern-text-50-right-background has-base-color has-text-color has-link-color wp-elements-2e121b1d216abc0a2f043b35f8e8311d has-global-padding is-layout-constrained wp-block-group-is-layout-constrained has-background\">\n<div class=\"wp-block-columns is-layout-flex wp-container-core-columns-is-layout-fdcf44e1 wp-block-columns-is-layout-flex\">\n<div class=\"wp-block-column is-layout-flow wp-block-column-is-layout-flow\"><\/div>\n\n\n\n<div class=\"wp-block-column is-layout-flow wp-block-column-is-layout-flow\">\n<h2 class=\"wp-block-heading\"><strong>The Fascinating Vignobles &amp; D\u00e9couvertes Weekend in Champagne<\/strong><\/h2>\n\n\n\n<hr class=\"wp-block-separator has-text-color has-base-color has-alpha-channel-opacity has-base-background-color has-background\" \/>\n\n\n\n<p class=\"wp-block-paragraph\">The first edition took place in October 2020 and was a resounding success. The &#8220;Fascinating Vignobles &amp; D\u00e9couvertes Weekend&#8221; will be held for the fourth time in Champagne in October 2023. <\/p>\n\n\n\n<p class=\"wp-block-paragraph\">The aim is to help visitors discover Champagne through the eyes of the winemakers, with a variety of activities including exploration games, gourmet walks and blind tastings&#8230;<\/p>\n\n\n\n<div class=\"wp-block-buttons is-layout-flex wp-block-buttons-is-layout-flex\">\n<div class=\"wp-block-button\"><a class=\"wp-block-button__link has-contrast-color has-base-background-color has-text-color has-background has-link-color wp-element-button\">Read more<\/a><\/div>\n<\/div>\n<\/div>\n<\/div>\n<\/section>\n\n<section class=\"wp-block-group alignfull pattern-documentary-space has-base-background-color has-background has-global-padding is-content-justification-center is-layout-constrained wp-block-group-is-layout-constrained\">\n<div class=\"wp-block-columns is-layout-flex wp-container-core-columns-is-layout-fdcf44e1 wp-block-columns-is-layout-flex\">\n<div class=\"wp-block-column is-layout-flow wp-block-column-is-layout-flow\">\n<h2 class=\"wp-block-heading\"><strong>More sparkling getaways<\/strong><\/h2>\n\n\n\n<hr class=\"wp-block-separator has-text-color has-accent-3-color has-alpha-channel-opacity has-accent-3-background-color has-background\" \/>\n\n\n\n<p class=\"wp-block-paragraph\">Find even more ideas for sparkling outings in our <a href=\"https:\/\/tourisme-en-champagne.com\/en\/agenda\/?_tags_agenda=62498d3f-b5fa-4569-afd1-ece9ef30e09d\">dedicated section+<\/a> and every month in the<a href=\"https:\/\/cdt51.media.tourinsoft.eu\/upload\/ADT---Agenda-week-end-caves-V-D-6.pdf\" target=\"_blank\" data-type=\"link\" data-id=\"https:\/\/cdt51.media.tourinsoft.eu\/upload\/ADT---Agenda-week-end-caves-V-D-6.pdf\" rel=\"noreferrer noopener\"> Vignobles &amp; D\u00e9couvertes weekend diary<\/a>.<\/p>\n<\/div>\n<\/div>\n<\/section>\n\n<p class=\"wp-block-paragraph\"><\/p>\n","protected":false},"excerpt":{"rendered":"<p>Everywhere in the Champagne appellation area, winegrowers are joining forces to promote their regions. Here are just a few of the highlights of the Champagne Tourist Route! Vignerons de la Vall\u00e9e du Flagot Champagne Bar All summer long, from Saturday May 9, the Vignerons de la Vall\u00e9e du Flagot will be offering a temporary bar [&hellip;]<\/p>\n","protected":false},"author":2,"featured_media":11575,"parent":0,"menu_order":0,"comment_status":"closed","ping_status":"closed","template":"templates\/experience.php","meta":{"_acf_changed":false,"footnotes":"","_links_to":"","_links_to_target":""},"class_list":["post-20765","page","type-page","status-publish","has-post-thumbnail","hentry"],"acf":[],"_links":{"self":[{"href":"https:\/\/tourisme-en-champagne.com\/en\/wp-json\/wp\/v2\/pages\/20765","targetHints":{"allow":["GET"]}}],"collection":[{"href":"https:\/\/tourisme-en-champagne.com\/en\/wp-json\/wp\/v2\/pages"}],"about":[{"href":"https:\/\/tourisme-en-champagne.com\/en\/wp-json\/wp\/v2\/types\/page"}],"author":[{"embeddable":true,"href":"https:\/\/tourisme-en-champagne.com\/en\/wp-json\/wp\/v2\/users\/2"}],"replies":[{"embeddable":true,"href":"https:\/\/tourisme-en-champagne.com\/en\/wp-json\/wp\/v2\/comments?post=20765"}],"version-history":[{"count":2,"href":"https:\/\/tourisme-en-champagne.com\/en\/wp-json\/wp\/v2\/pages\/20765\/revisions"}],"predecessor-version":[{"id":20899,"href":"https:\/\/tourisme-en-champagne.com\/en\/wp-json\/wp\/v2\/pages\/20765\/revisions\/20899"}],"wp:featuredmedia":[{"embeddable":true,"href":"https:\/\/tourisme-en-champagne.com\/en\/wp-json\/wp\/v2\/media\/11575"}],"wp:attachment":[{"href":"https:\/\/tourisme-en-champagne.com\/en\/wp-json\/wp\/v2\/media?parent=20765"}],"curies":[{"name":"wp","href":"https:\/\/api.w.org\/{rel}","templated":true}]}}

<section class="wp-block-group alignfull pattern-citation has-middleground-background-color has-background has-global-padding is-layout-constrained wp-block-group-is-layout-constrained" style="margin-top:0;padding-top:var(--wp--preset--spacing--xx-large);padding-bottom:var(--wp--preset--spacing--xx-large)">
<div class="wp-block-columns is-layout-flex wp-container-core-columns-is-layout-fdcf44e1 wp-block-columns-is-layout-flex">
<div class="wp-block-column is-layout-flow wp-block-column-is-layout-flow">
<blockquote class="wp-block-quote is-layout-flow wp-block-quote-is-layout-flow">
<p class="wp-block-paragraph">Everywhere in the Champagne appellation area, winegrowers are joining forces to promote their regions. Here are just a few of the highlights of the Champagne Tourist Route! </p>
</blockquote>
</div>
</div>
</section>

<section class="wp-block-group alignfull pattern-documentary-space has-global-padding is-content-justification-center is-layout-constrained wp-block-group-is-layout-constrained">
<div class="wp-block-columns is-layout-flex wp-container-core-columns-is-layout-fdcf44e1 wp-block-columns-is-layout-flex">
<div class="wp-block-column is-layout-flow wp-block-column-is-layout-flow">
<h2 class="wp-block-heading"><strong>Vignerons de la Vallée du Flagot Champagne Bar</strong></h2>



<hr class="wp-block-separator has-text-color has-accent-3-color has-alpha-channel-opacity has-accent-3-background-color has-background" />



<p class="wp-block-paragraph">All summer long, from Saturday May 9, the Vignerons de la Vallée du Flagot will be offering a temporary bar in a natural, green setting.</p>



<p class="wp-block-paragraph">The 19 member winemakers offer their champagnes on Friday evenings, and on Saturday evenings, the champagne bar is the setting for a wide range of events:<em>free concerts, games and other entertainment almost every weekend!</em></p>



<p class="wp-block-paragraph">The detailed program is available on the association&#8217;s website <a href="http://www.flagot.fr/" rel="noreferrer noopener" target="_blank">www.flagot.fr</a> and on its social networks @vvflagot on Instagram and <a href="https://www.facebook.com/VVFlagot/?locale=fr_FR" target="_blank" rel="noreferrer noopener">Les Vignerons de la Vallée du Flagot </a>on Facebook.</p>



<div class="wp-block-buttons is-layout-flex wp-block-buttons-is-layout-flex">
<div class="wp-block-button"><a class="wp-block-button__link has-accent-3-background-color has-background wp-element-button" href="https://www.facebook.com/VVFlagot" target="_blank" rel="noopener">Read more</a></div>
</div>
</div>
</div>
</section>

<section class="wp-block-group alignfull pattern-patchwork-3-texts-3-images has-global-padding is-layout-constrained wp-block-group-is-layout-constrained">
<div class="wp-block-columns is-layout-flex wp-container-core-columns-is-layout-63fbf5b9 wp-block-columns-is-layout-flex">
<div class="wp-block-column col-content is-layout-flow wp-block-column-is-layout-flow" style="flex-basis:66.6%">
<h2 class="wp-block-heading"><strong><strong>The little man&#8217;s secrets</strong></strong></h2>



<hr class="wp-block-separator has-text-color has-accent-2-color has-alpha-channel-opacity has-accent-2-background-color has-background" />



<p class="wp-block-paragraph">Head for Rilly-la-Montagne to take part in the <strong>&#8221; </strong> <a href="http://www.secretsdupetitbonhomme.com/" target="_blank" rel="noreferrer noopener">Secrets du Petit Bonhomme</a> &#8221; <strong>,</strong> an event organized in mid-July by some thirty winegrowers in the village.</p>



<p class="wp-block-paragraph">The concept? Cellar openings, vintage tastings, musical evenings, exhibitions and entertainment for all. At the first event in 2019, visitors were able to discover the secrets of barrel-making, as well as take part in the &#8220;Oenopiades&#8221;: a competition registered with the INPI, comprising three events, from disgorging to barrel racing and cork-throwing in the station square. The famous &#8220;little man&#8221; is a statue of Bacchus. It once adorned a fountain in Rilly and now stands near the station.      </p>
</div>



<div class="wp-block-column is-layout-flow wp-block-column-is-layout-flow">
<figure class="wp-block-image size-full"><img loading="lazy" decoding="async" width="300" height="600" src="https://tourisme-en-champagne.com/assets/uploads/2025/06/005-vignotresor-c-christophe-manquillet-coll-adt-marne.jpg" alt="" class="wp-image-11584" title=""></figure>



<h2 class="wp-block-heading"><strong><strong>The gourmet walk</strong></strong></h2>



<hr class="wp-block-separator has-text-color has-accent-2-color has-alpha-channel-opacity has-accent-2-background-color has-background" />



<p class="wp-block-paragraph">Combining sport and gastronomy: the <a href="http://flagot.fr/" target="_blank" rel="noreferrer noopener">Vignerons de la Vallée du Flagot</a> (the little river that runs through Nesles-le-Repons, Festigny and Mareuil-le-Port to flow into the Marne) have thought of this too!</p>



<p class="wp-block-paragraph">A ten-kilometer route takes you through vineyards, streams and forests, equipped with a flute and a gourmet passport for six culinary highlights (aperitif, starter, trou champenois, main course, cheese and dessert).</p>



<h2 class="wp-block-heading"><strong><strong>Coteaux Vitryats en fête &#8211; the banquet</strong></strong></h2>



<hr class="wp-block-separator has-text-color has-accent-2-color has-alpha-channel-opacity has-accent-2-background-color has-background" />



<p class="wp-block-paragraph">Organized by <a href="https://www.facebook.com/champagnedescoteauxvitryats/" target="_blank" rel="noreferrer noopener">the Association de Promotion du Champagne des Coteaux Vitryats</a> (APCCV) and held every year in July. New this year, at the foot of the Bassuet vineyard, in an easily accessible site, discover a festive atmosphere around a meal specially paired with champagnes from our Coteaux Vitryats. Welcome from 12pm and lunch at 1pm. Guided tour of the vineyards after lunch. Reservations required.    </p>



<h2 class="wp-block-heading"><strong><strong>Massif de Saint-Thierry</strong></strong></h2>



<hr class="wp-block-separator has-text-color has-accent-2-color has-alpha-channel-opacity has-accent-2-background-color has-background" />



<p class="wp-block-paragraph">Held every two years since 1991 in a village on the Saint-Thierry massif, the <a href="https://www.facebook.com/MassifSaintThierry/" target="_blank" rel="noreferrer noopener">Fête des vendanges à l&#8217;ancienne</a> takes place in the decorated streets of the villages, combining the discovery of vines, gastronomy, culture and tradition.</p>



<h2 class="wp-block-heading"><strong><strong>COTEAUX DU SÉZANNAIS FESTIVAL</strong></strong></h2>



<hr class="wp-block-separator has-text-color has-accent-2-color has-alpha-channel-opacity has-accent-2-background-color has-background" />



<p class="wp-block-paragraph">Come and celebrate the 5th edition of the &#8220;Fête des Coteaux&#8221; on Sunday, July 21, 2024 at Château de Mondement! The Association de Promotion des 2 Coteaux (Coteaux du Sézannais &amp; Coteaux du Petit Morin) invites you to a day dedicated to heritage, terroir and conviviality. </p>
</div>



<div class="wp-block-column is-layout-flow wp-block-column-is-layout-flow">
<figure class="wp-block-image size-full"><img loading="lazy" decoding="async" width="300" height="600" src="https://tourisme-en-champagne.com/assets/uploads/2025/06/escapade.jpeg" alt="" class="wp-image-11589" title=""></figure>



<div class="wp-block-group col-content has-global-padding is-layout-constrained wp-block-group-is-layout-constrained">
<h2 class="wp-block-heading"><strong><strong>Sparkling &amp; gourmet getaway</strong></strong></h2>



<hr class="wp-block-separator has-text-color has-accent-2-color has-alpha-channel-opacity has-accent-2-background-color has-background" />



<p class="wp-block-paragraph">Pierry, Moussy, Vinay, Brugny&#8230; welcome to the southern sun! <a href="http://coteaux-sud-epernay.fr/" target="_blank" rel="noreferrer noopener">The Association de Promotion des Coteaux sud d&#8217;Épernay</a> was founded in 1996 to promote the 13 communes in the area.</p>



<p class="wp-block-paragraph">And you usually have to wait until the 4th Sunday in June to take part in the famous <a href="https://www.coteaux-sud-epernay.fr/evenements/escapade-gourmande-et-petillante" target="_blank" rel="noreferrer noopener"><strong>Escapade Pétillante et Gourmande en Champagne</strong></a>for lovers of the art of living, gastronomy and cultural heritage. Labelled &#8220;Vignobles &amp; Découvertes&#8221;, this walk is interspersed with culinary stops, including a ball, musical entertainment and open doors at participating winegrowers. </p>



<p class="wp-block-paragraph">Visit <a href="https://www.coteaux-sud-epernay.fr/evenements/fascinant-week-end" target="_blank" rel="noreferrer noopener"><strong>Summer Afters</strong> </a>on Fridays from May to August for sparkling evenings with Champagne bar, music and aperitif platters.</p>



<p class="wp-block-paragraph">Discover the Coteaux Sud d&#8217;Épernay with<strong> the IDVizit app.</strong></p>



<figure class="wp-block-image size-full"><img loading="lazy" decoding="async" width="300" height="300" src="https://tourisme-en-champagne.com/assets/uploads/2025/06/vignart-2019-photo-michel-jolyot-33.jpg" alt="" class="wp-image-11594" title=""></figure>
</div>
</div>
</div>
</section>

<section style="background-image:url(&apos;https://tourisme-en-champagne.com/assets/uploads/2025/06/fascinant-we-2020-caxel-coeuret-coll-adt-marne-10.jpg&apos;);background-position:50% 50%;background-size:cover;background-attachment:scroll;" class="wp-block-group alignfull pattern-text-50-right-background has-base-color has-text-color has-link-color wp-elements-2e121b1d216abc0a2f043b35f8e8311d has-global-padding is-layout-constrained wp-block-group-is-layout-constrained has-background">
<div class="wp-block-columns is-layout-flex wp-container-core-columns-is-layout-fdcf44e1 wp-block-columns-is-layout-flex">
<div class="wp-block-column is-layout-flow wp-block-column-is-layout-flow"></div>



<div class="wp-block-column is-layout-flow wp-block-column-is-layout-flow">
<h2 class="wp-block-heading"><strong>The Fascinating Vignobles &amp; Découvertes Weekend in Champagne</strong></h2>



<hr class="wp-block-separator has-text-color has-base-color has-alpha-channel-opacity has-base-background-color has-background" />



<p class="wp-block-paragraph">The first edition took place in October 2020 and was a resounding success. The &#8220;Fascinating Vignobles &amp; Découvertes Weekend&#8221; will be held for the fourth time in Champagne in October 2023. </p>



<p class="wp-block-paragraph">The aim is to help visitors discover Champagne through the eyes of the winemakers, with a variety of activities including exploration games, gourmet walks and blind tastings&#8230;</p>



<div class="wp-block-buttons is-layout-flex wp-block-buttons-is-layout-flex">
<div class="wp-block-button"><a class="wp-block-button__link has-contrast-color has-base-background-color has-text-color has-background has-link-color wp-element-button">Read more</a></div>
</div>
</div>
</div>
</section>

<section class="wp-block-group alignfull pattern-documentary-space has-base-background-color has-background has-global-padding is-content-justification-center is-layout-constrained wp-block-group-is-layout-constrained">
<div class="wp-block-columns is-layout-flex wp-container-core-columns-is-layout-fdcf44e1 wp-block-columns-is-layout-flex">
<div class="wp-block-column is-layout-flow wp-block-column-is-layout-flow">
<h2 class="wp-block-heading"><strong>More sparkling getaways</strong></h2>



<hr class="wp-block-separator has-text-color has-accent-3-color has-alpha-channel-opacity has-accent-3-background-color has-background" />



<p class="wp-block-paragraph">Find even more ideas for sparkling outings in our <a href="https://tourisme-en-champagne.com/en/agenda/?_tags_agenda=62498d3f-b5fa-4569-afd1-ece9ef30e09d">dedicated section+</a> and every month in the<a href="https://cdt51.media.tourinsoft.eu/upload/ADT---Agenda-week-end-caves-V-D-6.pdf" target="_blank" data-type="link" data-id="https://cdt51.media.tourinsoft.eu/upload/ADT---Agenda-week-end-caves-V-D-6.pdf" rel="noreferrer noopener"> Vignobles &amp; Découvertes weekend diary</a>.</p>
</div>
</div>
</section>

<p class="wp-block-paragraph"></p>

<p>Everywhere in the Champagne appellation area, winegrowers are joining forces to promote their regions. Here are just a few of the highlights of the Champagne Tourist Route! Vignerons de la Vallée du Flagot Champagne Bar All summer long, from Saturday May 9, the Vignerons de la Vallée du Flagot will be offering a temporary bar [&hellip;]</p>
