{"id":31852,"date":"2026-07-03T11:18:00","date_gmt":"2026-07-03T09:18:00","guid":{"rendered":"http:\/fmacha051v5068g2-en"},"modified":"2026-08-29T05:39:54","modified_gmt":"2026-08-29T03:39:54","slug":"journees-europeennes-du-patrimoine-a-chalons-en-champagne","status":"publish","type":"agenda","link":"https:\/\/tourisme-en-champagne.com\/en\/agenda\/journees-europeennes-du-patrimoine-a-chalons-en-champagne\/","title":{"rendered":"Journ\u00e9es Europ\u00e9ennes du Patrimoine \u00e0 Ch\u00e2lons-en-Champagne"},"author":2,"template":"","meta":{"_acf_changed":false,"_links_to":"","_links_to_target":""},"class_list":["post-31852","agenda","type-agenda","status-publish","hentry"],"acf":[],"_links":{"self":[{"href":"https:\/\/tourisme-en-champagne.com\/en\/wp-json\/wp\/v2\/agenda\/31852","targetHints":{"allow":["GET"]}}],"collection":[{"href":"https:\/\/tourisme-en-champagne.com\/en\/wp-json\/wp\/v2\/agenda"}],"about":[{"href":"https:\/\/tourisme-en-champagne.com\/en\/wp-json\/wp\/v2\/types\/agenda"}],"author":[{"embeddable":true,"href":"https:\/\/tourisme-en-champagne.com\/en\/wp-json\/wp\/v2\/users\/2"}],"wp:attachment":[{"href":"https:\/\/tourisme-en-champagne.com\/en\/wp-json\/wp\/v2\/media?parent=31852"}],"curies":[{"name":"wp","href":"https:\/\/api.w.org\/{rel}","templated":true}]}}

Journées Européennes du Patrimoine à Châlons-en-Champagne
