{"id":20687,"date":"2025-06-26T15:39:30","date_gmt":"2025-06-26T13:39:30","guid":{"rendered":"https:\/\/tourisme-en-champagne.com\/freier-weg\/unsere-partner-foerderer\/"},"modified":"2025-11-27T16:03:42","modified_gmt":"2025-11-27T15:03:42","slug":"unsere-partner-foerderer","status":"publish","type":"page","link":"https:\/\/tourisme-en-champagne.com\/de\/die-champagne-in-feierlaune\/freier-weg\/unsere-partner-foerderer\/","title":{"rendered":"Unsere Partner &amp; F\u00f6rderer"},"content":{"rendered":"\n<section class=\"wp-block-group alignfull pattern-text-100 has-base-background-color has-background has-global-padding is-layout-constrained wp-block-group-is-layout-constrained\">\n<div class=\"wp-block-columns is-layout-flex wp-container-core-columns-is-layout-63fbf5b9 wp-block-columns-is-layout-flex\">\n<div class=\"wp-block-column is-layout-flow wp-block-column-is-layout-flow\">\n<h2 class=\"wp-block-heading\"><strong><strong>SIE UNTERST\u00dcTZEN &#8222;EN ROU(T)E LIBRE&#8220;.<\/strong><\/strong><\/h2>\n\n\n\n<hr class=\"wp-block-separator has-text-color has-grey-color has-alpha-channel-opacity has-grey-background-color has-background\"\/>\n\n\n\n<p class=\"patterns-underline wp-block-paragraph\">Dank ihres Engagements an unserer Seite kann dieser au\u00dfergew\u00f6hnliche Tag, der der sanften Mobilit\u00e4t gewidmet ist, stattfinden. Durch die Unterst\u00fctzung einer umweltfreundlichen, geselligen und f\u00fcr alle zug\u00e4nglichen Initiative tragen unsere Partner aktiv zur Aufwertung der Region Champagne und zur Wiederentdeckung der Route Touristique du Champagne bei. Ihre Unterst\u00fctzung ist unerl\u00e4sslich, um aus dieser Veranstaltung ein beliebtes, familienfreundliches und kostenloses Fest zu machen.  <\/p>\n\n\n\n<p class=\"patterns-underline wp-block-paragraph\">An alle, die uns bei diesem Abenteuer begleiten: <strong>Vielen Dank f\u00fcr Ihr Vertrauen und Ihre Energie!<\/strong><\/p>\n\n\n\n<ul class=\"wp-block-list has-grey-color has-text-color has-link-color wp-elements-c028f51dc32a1ba6a68179954ef54011\">\n<li><a href=\"https:\/\/www.marne.fr\/\" target=\"_blank\" rel=\"noreferrer noopener\">Rat des Departements Marne<\/a><\/li>\n\n\n\n<li><a href=\"https:\/\/www.instagram.com\/en_route_libre_marne\/\" target=\"_blank\" rel=\"noreferrer noopener\">Cr\u00e9dit Agricole Nord Est  <\/a><\/li>\n\n\n\n<li><a href=\"https:\/\/ccpc51.fr\/\" target=\"_blank\" rel=\"noreferrer noopener\">Communaut\u00e9 de communes des Paysages de la Champagne (Gemeindeverband der Landschaften der Champagne)<\/a><\/li>\n\n\n\n<li><a href=\"https:\/\/www.grandest.fr\/\" target=\"_blank\" rel=\"noreferrer noopener\">Die Region Grand-Est<\/a><\/li>\n\n\n\n<li><a href=\"https:\/\/www.loisium.com\/fr\/champagne\/%C2%A0\" target=\"_blank\" rel=\"noreferrer noopener\">Loisium<\/a><\/li>\n\n\n\n<li><a href=\"https:\/\/pressoria.com\/\" target=\"_blank\" rel=\"noreferrer noopener\">Pressoria<\/a><\/li>\n\n\n\n<li><a href=\"https:\/\/www.champagne-patrimoinemondial.org\/\" target=\"_blank\" rel=\"noreferrer noopener\">Mission &#8222;Coteaux, Maisons et Caves de Champagne&#8220; (Weing\u00fcter, H\u00e4user und Keller der Champagne)<\/a><\/li>\n\n\n\n<li><a href=\"https:\/\/www.gites-de-france-marne.com\/\" target=\"_blank\" rel=\"noreferrer noopener\">Ferienwohnungen Marne<\/a><\/li>\n\n\n\n<li><a href=\"https:\/\/www.tourisme-paysages-champagne.com\/\" target=\"_blank\" rel=\"noreferrer noopener\">Office de Tourisme des Paysages de la Champagne (Fremdenverkehrsamt der Champagne)<\/a><\/li>\n\n\n\n<li><a href=\"https:\/\/www.diam-bouchon-liege.com\/diam-bouchage-une-entreprise-qui-croit-en-la-france\" target=\"_blank\" rel=\"noreferrer noopener\">Diam Frankreich  <\/a><\/li>\n\n\n\n<li><a href=\"https:\/\/www.e.leclerc\/mag\/e-leclerc-dizy\" target=\"_blank\" rel=\"noreferrer noopener\">Leclerc Dizy<\/a><\/li>\n\n\n\n<li><a href=\"https:\/\/www.lunion.fr\/%C2%A0\" target=\"_blank\" rel=\"noreferrer noopener\">Die Union<\/a><\/li>\n\n\n\n<li><a href=\"http:\/\/www.stdmarne.fr\/\" target=\"_blank\" rel=\"noreferrer noopener\">STDM<\/a><\/li>\n<\/ul>\n\n\n\n<figure class=\"wp-block-image size-full\"><img loading=\"lazy\" decoding=\"async\" width=\"1132\" height=\"141\" src=\"https:\/\/tourisme-en-champagne.com\/assets\/uploads\/2025\/06\/partenaires-erl-1.jpg\" alt=\"\" class=\"wp-image-11329\" title=\"\" srcset=\"https:\/\/tourisme-en-champagne.com\/assets\/uploads\/2025\/06\/partenaires-erl-1.jpg 1132w, https:\/\/tourisme-en-champagne.com\/assets\/uploads\/2025\/06\/partenaires-erl-1-640x80.jpg 640w, https:\/\/tourisme-en-champagne.com\/assets\/uploads\/2025\/06\/partenaires-erl-1-400x50.jpg 400w, https:\/\/tourisme-en-champagne.com\/assets\/uploads\/2025\/06\/partenaires-erl-1-768x96.jpg 768w\" sizes=\"auto, (max-width: 1132px) 100vw, 1132px\" \/><\/figure>\n<\/div>\n<\/div>\n<\/section>\n","protected":false},"excerpt":{"rendered":"<p>SIE UNTERST\u00dcTZEN &#8222;EN ROU(T)E LIBRE&#8220;. Dank ihres Engagements an unserer Seite kann dieser au\u00dfergew\u00f6hnliche Tag, der der sanften Mobilit\u00e4t gewidmet ist, stattfinden. Durch die Unterst\u00fctzung einer umweltfreundlichen, geselligen und f\u00fcr alle zug\u00e4nglichen Initiative tragen unsere Partner aktiv zur Aufwertung der Region Champagne und zur Wiederentdeckung der Route Touristique du Champagne bei. Ihre Unterst\u00fctzung ist unerl\u00e4sslich, [&hellip;]<\/p>\n","protected":false},"author":2,"featured_media":11312,"parent":20661,"menu_order":0,"comment_status":"closed","ping_status":"closed","template":"templates\/accueil-espace.php","meta":{"_acf_changed":false,"footnotes":"","_links_to":"","_links_to_target":""},"class_list":["post-20687","page","type-page","status-publish","has-post-thumbnail","hentry"],"acf":[],"_links":{"self":[{"href":"https:\/\/tourisme-en-champagne.com\/de\/wp-json\/wp\/v2\/pages\/20687","targetHints":{"allow":["GET"]}}],"collection":[{"href":"https:\/\/tourisme-en-champagne.com\/de\/wp-json\/wp\/v2\/pages"}],"about":[{"href":"https:\/\/tourisme-en-champagne.com\/de\/wp-json\/wp\/v2\/types\/page"}],"author":[{"embeddable":true,"href":"https:\/\/tourisme-en-champagne.com\/de\/wp-json\/wp\/v2\/users\/2"}],"replies":[{"embeddable":true,"href":"https:\/\/tourisme-en-champagne.com\/de\/wp-json\/wp\/v2\/comments?post=20687"}],"version-history":[{"count":1,"href":"https:\/\/tourisme-en-champagne.com\/de\/wp-json\/wp\/v2\/pages\/20687\/revisions"}],"predecessor-version":[{"id":20689,"href":"https:\/\/tourisme-en-champagne.com\/de\/wp-json\/wp\/v2\/pages\/20687\/revisions\/20689"}],"up":[{"embeddable":true,"href":"https:\/\/tourisme-en-champagne.com\/de\/wp-json\/wp\/v2\/pages\/20661"}],"wp:featuredmedia":[{"embeddable":true,"href":"https:\/\/tourisme-en-champagne.com\/de\/wp-json\/wp\/v2\/media\/11312"}],"wp:attachment":[{"href":"https:\/\/tourisme-en-champagne.com\/de\/wp-json\/wp\/v2\/media?parent=20687"}],"curies":[{"name":"wp","href":"https:\/\/api.w.org\/{rel}","templated":true}]}}

Unsere Partner &amp; Förderer

<section class="wp-block-group alignfull pattern-text-100 has-base-background-color has-background has-global-padding is-layout-constrained wp-block-group-is-layout-constrained">
<div class="wp-block-columns is-layout-flex wp-container-core-columns-is-layout-63fbf5b9 wp-block-columns-is-layout-flex">
<div class="wp-block-column is-layout-flow wp-block-column-is-layout-flow">
<h2 class="wp-block-heading"><strong><strong>SIE UNTERSTÜTZEN &#8222;EN ROU(T)E LIBRE&#8220;.</strong></strong></h2>



<hr class="wp-block-separator has-text-color has-grey-color has-alpha-channel-opacity has-grey-background-color has-background"/>



<p class="patterns-underline wp-block-paragraph">Dank ihres Engagements an unserer Seite kann dieser außergewöhnliche Tag, der der sanften Mobilität gewidmet ist, stattfinden. Durch die Unterstützung einer umweltfreundlichen, geselligen und für alle zugänglichen Initiative tragen unsere Partner aktiv zur Aufwertung der Region Champagne und zur Wiederentdeckung der Route Touristique du Champagne bei. Ihre Unterstützung ist unerlässlich, um aus dieser Veranstaltung ein beliebtes, familienfreundliches und kostenloses Fest zu machen.  </p>



<p class="patterns-underline wp-block-paragraph">An alle, die uns bei diesem Abenteuer begleiten: <strong>Vielen Dank für Ihr Vertrauen und Ihre Energie!</strong></p>



<ul class="wp-block-list has-grey-color has-text-color has-link-color wp-elements-c028f51dc32a1ba6a68179954ef54011">
<li><a href="https://www.marne.fr/" target="_blank" rel="noreferrer noopener">Rat des Departements Marne</a></li>



<li><a href="https://www.instagram.com/en_route_libre_marne/" target="_blank" rel="noreferrer noopener">Crédit Agricole Nord Est  </a></li>



<li><a href="https://ccpc51.fr/" target="_blank" rel="noreferrer noopener">Communauté de communes des Paysages de la Champagne (Gemeindeverband der Landschaften der Champagne)</a></li>



<li><a href="https://www.grandest.fr/" target="_blank" rel="noreferrer noopener">Die Region Grand-Est</a></li>



<li><a href="https://www.loisium.com/fr/champagne/%C2%A0" target="_blank" rel="noreferrer noopener">Loisium</a></li>



<li><a href="https://pressoria.com/" target="_blank" rel="noreferrer noopener">Pressoria</a></li>



<li><a href="https://www.champagne-patrimoinemondial.org/" target="_blank" rel="noreferrer noopener">Mission &#8222;Coteaux, Maisons et Caves de Champagne&#8220; (Weingüter, Häuser und Keller der Champagne)</a></li>



<li><a href="https://www.gites-de-france-marne.com/" target="_blank" rel="noreferrer noopener">Ferienwohnungen Marne</a></li>



<li><a href="https://www.tourisme-paysages-champagne.com/" target="_blank" rel="noreferrer noopener">Office de Tourisme des Paysages de la Champagne (Fremdenverkehrsamt der Champagne)</a></li>



<li><a href="https://www.diam-bouchon-liege.com/diam-bouchage-une-entreprise-qui-croit-en-la-france" target="_blank" rel="noreferrer noopener">Diam Frankreich  </a></li>



<li><a href="https://www.e.leclerc/mag/e-leclerc-dizy" target="_blank" rel="noreferrer noopener">Leclerc Dizy</a></li>



<li><a href="https://www.lunion.fr/%C2%A0" target="_blank" rel="noreferrer noopener">Die Union</a></li>



<li><a href="http://www.stdmarne.fr/" target="_blank" rel="noreferrer noopener">STDM</a></li>
</ul>



<figure class="wp-block-image size-full"><img loading="lazy" decoding="async" width="1132" height="141" src="https://tourisme-en-champagne.com/assets/uploads/2025/06/partenaires-erl-1.jpg" alt="" class="wp-image-11329" title="" srcset="https://tourisme-en-champagne.com/assets/uploads/2025/06/partenaires-erl-1.jpg 1132w, https://tourisme-en-champagne.com/assets/uploads/2025/06/partenaires-erl-1-640x80.jpg 640w, https://tourisme-en-champagne.com/assets/uploads/2025/06/partenaires-erl-1-400x50.jpg 400w, https://tourisme-en-champagne.com/assets/uploads/2025/06/partenaires-erl-1-768x96.jpg 768w" sizes="auto, (max-width: 1132px) 100vw, 1132px" /></figure>
</div>
</div>
</section>

<p>SIE UNTERSTÜTZEN &#8222;EN ROU(T)E LIBRE&#8220;. Dank ihres Engagements an unserer Seite kann dieser außergewöhnliche Tag, der der sanften Mobilität gewidmet ist, stattfinden. Durch die Unterstützung einer umweltfreundlichen, geselligen und für alle zugänglichen Initiative tragen unsere Partner aktiv zur Aufwertung der Region Champagne und zur Wiederentdeckung der Route Touristique du Champagne bei. Ihre Unterstützung ist unerlässlich, [&hellip;]</p>
